
17
Calculate the highest common factor of 1131 and 117.
39
Calculate the highest common factor of 58 and 145.
29
Calculate the highest common divisor of 92 and 207.
23
What is the greatest common divisor of 702 and 2?
2
Calculate the highest common divisor of 45 and 325.
5
Calculate the highest common factor of 135 and 45.
45
What is the highest common factor of 530 and 70?
10
What is the greatest common factor of 334 and 20875?
167
Calculate the highest common divisor of 5428 and 736.
92
What is the greatest common divisor of 448 and 256?
64
What is the greatest common divisor of 779 and 95?
19
What is the highest common factor of 54 and 414?
18
Calculate the greatest common factor of 17 and 799.
17
What is the highest common divisor of 113840 and 16?
16
What is the greatest common factor of 1036 and 28?
28
What is the highest common divisor of 960 and 360?
120
What is the greatest common factor of 110 and 150?
10
What is the greatest common divisor of 1950 and 2210?
130
Calculate the highest common divisor of 1485 and 605.
55
Calculate the highest common divisor of 1560 and 40.
40
What is the greatest common factor of 15 and 195?
15
Calculate the highest common divisor of 8 and 26.
2
What is the highest common factor of 112 and 48?
16
What is the greatest common factor of 20 and 30?
10
Calculate the highest common divisor of 74 and 1147.
37
What is the highest common divisor of 36 and 558?
18
What is the highest common divisor of 15393 and 21?
21
What is the highest common factor of 361 and 19?
19
What is the greatest common divisor of 34072 and 8?
8
What is the highest common divisor of 108 and 189?
27
What is the highest common divisor of 13 and 4?
1
What is the highest common factor of 3 and 2832?
3
What is the highest common divisor of 24 and 24352?
8
What is the highest common factor of 206 and 67259?
103
What is the greatest common factor of 3270 and 15369?
327
Calculate the greatest common factor of 6896 and 16.
16
Calculate the greatest common divisor of 62 and 682.
62
Calculate the greatest common divisor of 680 and 34.
34
Calculate the greatest common divisor of 42 and 150.
6
What is the highest common factor of 96 and 1086?
6
What is the highest common factor of 92 and 13501?
23
Calculate the greatest common divisor of 774 and 72.
18
What is the highest common divisor of 21 and 21?
21
What is the greatest common divisor of 216 and 1368?
72
What is the highest common factor of 110 and 40?
10
Calculate the highest common divisor of 66 and 528.
66
What is the highest common divisor of 297 and 11?
11
Calculate the highest common divisor of 112 and 184.
8
What is the highest common factor of 297 and 88?
11
What is the highest common factor of 180 and 36?
36
What is the greatest common factor of 378 and 99?
9
Calculate the highest common factor of 250 and 1150.
50
Calculate the highest common factor of 1100 and 44.
44
Calculate the highest common factor of 115 and 2875.
115
Calculate the highest common factor of 31 and 7967.
31
Calculate the highest common divisor of 216 and 558.
18
What is the greatest common divisor of 882 and 198?
18
Calculate the highest common divisor of 2635 and 85.
85
What is the highest common divisor of 781 and 374?
11
What is the highest common divisor of 42 and 5670?
42
Calculate the greatest common divisor of 5372 and 237.
79
Calculate the highest common divisor of 680 and 425.
85
What is the highest common factor of 40 and 17820?
20
What is the highest common divisor of 312 and 24?
24
Calculate the highest common divisor of 1271 and 806.
31
What is the greatest common factor of 125 and 25?
25
Calculate the highest common divisor of 1664 and 64.
64
Calculate the greatest common factor of 126 and 108.
18
What is the highest common divisor of 40 and 2500?
20
What is the highest common factor of 18 and 1251?
9
Calculate the greatest common divisor of 100 and 1175.
25
What is the highest common factor of 188 and 4?
4
Calculate the greatest common divisor of 6 and 12174.
6
Calculate the highest common factor of 10 and 3158.
2
Calculate the highest common factor of 1 and 64.
1
Calculate the highest common factor of 24 and 32.
8
What is the highest common divisor of 1616 and 23836?
404
What is the highest common factor of 57 and 121353?
57
What is the highest common factor of 48 and 528?
48
Calculate the highest common divisor of 684 and 162.
18
Calculate the greatest common factor of 5030 and 40.
10
What is the greatest common divisor of 7196 and 257?
257
Calculate the greatest common factor of 4 and 48.
4
Calculate the greatest common factor of 144 and 9.
9
What is the highest common factor of 238 and 7?
7
What is the highest common factor of 59 and 1829?
59
What is the highest common factor of 588 and 9912?
84
Calculate the greatest common divisor of 27 and 15363.
27
What is the highest common factor of 43 and 3139?
43
What is the greatest common divisor of 666 and 148?
74
What is the highest common divisor of 22230 and 76?
38
Calculate the highest common factor of 12 and 201.
3
Calculate the greatest common factor of 1712 and 112.
16
What is the greatest common factor of 86 and 5074?
86
Calculate the greatest common divisor of 1458 and 18.
18
Calculate the greatest common factor of 5228 and 2.
2
What is the greatest common factor of 52 and 2?
2
Calculate the greatest common factor of 6153 and 42.
21
What is the highest common factor of 1396 and 4?
4
Calculate the greatest common divisor of 40 and 820.
20
What is the greatest common factor of 42 and 12642?
42
Calculate the greatest common divisor of 376 and 128.
8
What is the greatest common divisor of 91 and 623?
7
Calculate the greatest common factor of 990 and 54.
18
Calculate the highest common factor of 776 and 5626.
194
What is the greatest common factor of 79 and 8927?
79
What is the highest common divisor of 40 and 180?
20
Calculate the highest common divisor of 3 and 119.
1
Calculate the greatest common factor of 144 and 2640.
48
Calculate the highest common divisor of 1224 and 792.
72
What is the greatest common divisor of 306 and 1?
1
Calculate the highest common factor of 49 and 49.
49
Calculate the greatest common factor of 1278 and 284.
142
Calculate the highest common factor of 1508 and 2668.
116
Calculate the greatest common divisor of 18 and 3744.
18
Calculate the highest common factor of 1708 and 28.
28
Calculate the greatest common divisor of 6437 and 82.
41
Calculate the highest common divisor of 242 and 1474.
22
What is the highest common divisor of 233 and 10019?
233
What is the highest common divisor of 144 and 504?
72
What is the highest common divisor of 21 and 35?
7
What is the highest common divisor of 849 and 3?
3
What is the highest common divisor of 560 and 35?
35
What is the highest common divisor of 1950 and 741?
39
What is the highest common divisor of 69 and 6?
3
Calculate the highest common divisor of 1008 and 6111.
63
What is the greatest common divisor of 516 and 12?
12
Calculate the highest common divisor of 1606 and 66.
22
Calculate the highest common divisor of 272 and 32.
16
What is the greatest common factor of 345 and 30?
15
What is the highest common divisor of 54 and 252?
18
What is the highest common factor of 276 and 13938?
138
Calculate the highest common divisor of 1647 and 61.
61
What is the greatest common factor of 214 and 2?
2
Calculate the highest common factor of 559 and 533.
13
Calculate the highest common factor of 808 and 101.
101
Calculate the highest common divisor of 9 and 27.
9
Calculate the greatest common divisor of 8850 and 150.
150
What is the greatest common factor of 7623 and 63?
63
What is the greatest common factor of 38 and 1634?
38
Calculate the highest common factor of 272 and 19992.
136
What is the highest common divisor of 41 and 2419?
41
Calculate the highest common factor of 256 and 56.
8
Calculate the highest common factor of 70 and 14490.
70
What is the highest common divisor of 2850 and 114?
114
What is the highest common divisor of 155 and 93?
31
Calculate the greatest common divisor of 1408 and 4.
4
Calculate the greatest common divisor of 3552 and 222.
222
What is the highest common factor of 13 and 286?
13
What is the highest common divisor of 4 and 12?
4
Calculate the high